se -6*h = -7*h + 16. Let o = h - 16. Suppose 3*c - 4*y = 314, y = 4*c - o*y - 436. Calculate the greatest common factor of 10 and c.
10
Suppose v - 3*v = -54. Suppose -2*t = -4*b - 672, -5*t + 73*b - 75*b + 1716 = 0. What is the highest common factor of t and v?
9
Let o = -275 + 360. Suppose 0 = -k + 103 - o. What is the greatest common divisor of 306 and k?
18
Let u be (-24)/10*-1*-105*116/(-1827). Suppose 0 = 4*k - 3*k - 2. What is the highest common factor of u and k?
2
Suppose -2*d - 877 = l, -2*d - 2*l + 0*l = 872. Let i = d + 460. Calculate the greatest common factor of i and 703.
19
Let l(i) be the third derivative of i**4/4 + 27*i**3/2 - 14*i**2. Let d be l(7). Calculate the greatest common factor of 6 and d.
3
Suppose 0 = -5*p + 34 - 14. Suppose -p*n + 222 = -438. Calculate the highest common divisor of n and 55.
55
Suppose -34*s + 19*s = -16*s + 172. Calculate the highest common divisor of 28 and s.
4
Suppose m = 4 - 2. Suppose -192 = -m*a + 464. Suppose 15406*o - 1107 = 15379*o. Calculate the greatest common divisor of o and a.
41
Let q = 38 + -24. Let r = -49701 - -49855. Calculate the highest common factor of r and q.
14
Let p(g) = -4*g + 510. Let t be p(93). What is the highest common factor of t and 14214?
138
Suppose 0 = 4*u + 4, 0*u = -l - 5*u - 1. Suppose 2*t = 4*t - l*z - 192, -5*t + 435 = 5*z. Let r = 130 - t. Calculate the greatest common factor of 40 and r.
40
Suppose o = 3*b + 6, 3*o + 7 - 3 = -2*b. Suppose 0 = -5*v - 5*f + 830, 4*v + o*f - 689 = f. Calculate the highest common divisor of 19 and v.
19
Let n(s) = 86*s - 107. Let i be n(7). What is the highest common factor of 440 and i?
55
Let w be 1032/((-10)/(-6) - 1). Let v(l) = -l**3 - 25*l**2 - 121*l + 447. Let m be v(-15). Calculate the greatest common factor of w and m.
12
Let o be (1 - (16228 + 5))/((-34)/68). Calculate the highest common divisor of o and 16.
16
Let h(y) be the second derivative of 5/3*y**3 - y**2 + 18*y + 1/6*y**4 + 0. Let o be h(4). What is the greatest common factor of 28 and o?
14
Let g = -4471 - -4583. Calculate the greatest common factor of 5264 and g.
112
Suppose -5*n + 3*z + 1158 = 0, -4*n + 13*z = 14*z - 940. Let j be (2 + -1)/(4/244). Let l = -35 + j. Calculate the highest common divisor of n and l.
26
Suppose 0 = 2*k - 2*s + 6*s - 16, -s + 22 = 2*k. Suppose -k*m = -m + m. Suppose -129*x + 130*x - 78 = m. Calculate the highest common factor of x and 52.
26
Suppose 5*y = 6*k - 5*k + 1926, -4*k = -4*y + 1544. Calculate the greatest common divisor of 88 and y.
11
Let s = 21 + -9. Let r = s - 9. Suppose -39*o - 33 = -38*o - 5*j, 2*o - 54 = -5*j. What is the greatest common factor of r and o?
1
Let r(c) = -c**3 - 19*c**2 + 41*c - 1. Let s be r(-21). Let f = -581 + 1401. Calculate the highest common divisor of f and s.
20
Let h(b) = b + 6. Let k be h(2). Let w be (4/k)/(1/112). What is the greatest common divisor of 16 and w?
8
Let f be ((-360)/(-300))/(2/435). What is the highest common factor of f and 4263?
87
Let z(o) = 27*o - 284. Let d be z(11). Suppose 120 = d*s - s. Calculate the greatest common divisor of s and 90.
10
Suppose 4*p = -3*z + 77, 4*p + 2*z - 82 = -0*p. Let k be 694/4 - (-8)/(-32)*-6. Let y = k + -83. What is the highest common divisor of y and p?
23
Suppose 65 = 12*d + 185. Let s be -4*(d/2)/(-5) + 12. What is the greatest common factor of s and 136?
8
Suppose 4*k - f - 4 - 65 = 0, 2*k = -3*f + 17. Suppose 4*s + 5*m = 596, -4*s + 4*m + 584 = 6*m. What is the greatest common factor of k and s?
16
Let l be 106951/169 - 6/(-39). Let b = l + -595. What is the greatest common factor of 361 and b?
19
Let w(j) = 2*j**3 - 10*j**2 - 2*j + 4. Suppose 0 = -2*t + 5*t - 3. Let y be (2 + t)/((-1)/8*-4). Let a be w(y). What is the greatest common divisor of 16 and a?
16
Let y be (-2)/(4 + (-102)/25). Suppose -3*r - 129 + 204 = 0. What is the greatest common factor of y and r?
25
Let q = -58 - -114. Suppose -2*j + 42 = 3*d - 7*d, d = -3*j + 49. Let o(h) = 3*h**2 - 11*h - 64. Let n be o(j). What is the greatest common factor of q and n?
56
Let p = -43 + 112. Let r(h) = 4*h**2 - 7*h - 21. Let i be r(-10). Suppose 0 = 16*u - i + 81. Calculate the highest common divisor of u and p.
23
Let o be ((-492)/28 - -18) + (-53894)/(-14). What is the highest common factor of o and 77?
77
Let w = 143 - 114. Suppose 11520 = 7*p + w*p. Calculate the highest common divisor of 80 and p.
80
Let x be 1/(-1) + 191 + (-6 - -8). Let v = -162 + x. Calculate the highest common divisor of v and 60.
30
Suppose -3*g - w + 352 = -5*w, 3*g - 345 = -3*w. Let v be 1*(-2)/13 + (-812576)/(-27872). Calculate the greatest common factor of g and v.
29
Let i be 81/(-36)*(-13 + 9) - (-181)/1. Calculate the highest common divisor of 58710 and i.
190
Let i be (3 - (-156)/(-65)*(-5)/(-2)) + 67. Calculate the greatest common divisor of 416 and i.
32
Suppose 3*r - 227 = -4*q, -4*r + 3*q = -332 + 21. Calculate the highest common divisor of 99 and r.
11
Let n be (-60)/(-105) - 51/(-42)*2. Suppose 4*f - 2*h = n*f + 26, 0 = -2*h - 2. What is the highest common factor of f and 9?
3
Let a = 205 - 200. Suppose -15 = -a*y + 3*j + 58, 5*y + 5*j - 65 = 0. What is the highest common divisor of y and 63?
7
Let y(w) = -3*w**2 - 69*w + 19. Let i be y(-23). Calculate the highest common divisor of 1216 and i.
19
Let a = -719 - -721. Suppose -3*i + 5*y + 305 = 41, -2*i = -a*y - 176. What is the highest common divisor of 55 and i?
11
Suppose -1117*a + 1120*a = 765. Let p = a - 220. Suppose 0 = -3*u - 4*w + 24 + 1, -2*w - 12 = -2*u. Calculate the highest common divisor of u and p.
7
Suppose -9*c + 58 = 18*c + 2*c. What is the highest common divisor of 2066 and c?
2
Let q be (0 - (-21)/(-18))*(-19 + 13). Let n be 2/4*((q - -6) + -11). Calculate the highest common factor of n and 5.
1
Let v(d) = -d + 22. Let f be v(13). Suppose 0 = 3*l - f*l + 480. Let m be ((-12)/16)/((-4)/l). Calculate the highest common factor of 5 and m.
5
Suppose -y - 103 = -4*w, 5*w + 44 - 184 = -y. Suppose 0 = -15*o - 5*o + 4320. What is the highest common factor of o and w?
27
Suppose -72 - 712 = -28*n. What is the highest common divisor of 4928 and n?
28
Suppose -3*k = 18*k - 105. Suppose -k*r - 6*v + 557 = -2*v, -5*r + 2*v = -569. Calculate the greatest common divisor of 1 and r.
1
Let g(b) = -b. Let r be g(-16). Suppose 0 = 6*h + 192 - 936. Let a = h + -122. Calculate the highest common divisor of a and r.
2
Suppose 0 = -83*w + 20*w + 609 - 42. What is the greatest common factor of 6084 and w?
9
Suppose o = 2*o + 3*w - 15, 2*o - 2*w + 10 = 0. Suppose -6*s + s - 15 = o, -5*s = 5*d - 360. Calculate the highest common factor of 15 and d.
15
Let a = -7278 - -7668. What is the highest common factor of 810 and a?
30
Suppose 127 = r - 46*x + 44*x, 2*x = 12. What is the highest common factor of 2 and r?
1
Let g be 46/(-276) + (-1069)/(-6). Calculate the greatest common divisor of 1157 and g.
89
Suppose 4*y = -0*x - 4*x + 2248, 4*y - 2257 = -x. Let n = -513 + y. Calculate the highest common divisor of n and 117.
13
Let m = 2643 + -1773. What is the highest common factor of m and 75?
15
Let x be (-1 + (-117)/(-65))/(4/850). What is the greatest common divisor of 1054 and x?
34
Let x(l) = 7*l - 4. Let r be x(3). Let z be ((-24)/(-9) + -1)/((-8)/(-408)). Calculate the highest common divisor of z and r.
17
Let z(l) = 6*l**3 + 35*l**2 - 5*l + 8. Let j be z(-6). Let a(f) = f**2 - 5*f - 6. Let r be a(-2). Calculate the highest common divisor of r and j.
2
Suppose -9*c + 6*c + 72 = 0. Let x be (-7)/(-28) - (-5)/(-4). Let m be ((-20)/8 - x)*-16. What is the highest common divisor of m and c?
24
Let o be 630/60*(-1512)/(-49). Calculate the highest common factor of 2538 and o.
54
Let f be 200/9 + 4/(-18). Let w(g) = -2*g**3 + 35*g**2 - 16*g - 2. Let h be w(17). Let r be (465/(-75) + h)/(2/5). What is the highest common factor of f and r?
22
Let t = -194 + 191. Let m be (t - -2)/((-1)/25). Let a = 23 + -13. Calculate the greatest common factor of a and m.
5
Suppose 5*q + 7 - 2 = n, -4*q = 0. Suppose 17 - 7 = n*a. Suppose 5*d + g = 231, 0 = -g + a*g + 4. What is the highest common factor of d and 141?
47
Let g = 7066 + -4369. What is the highest common factor of 261 and g?
87
Let b be ((-58149)/2184)/(2/(-336)). Calculate the highest common f